by a.
65
Suppose -3*b = c - 4*b - 25, -3*c = 2*b - 80. What is the remainder when 1/9 + (-2552)/(-36) is divided by c?
19
Let p(b) be the second derivative of -50*b**3/3 - 3*b**2 - 13*b. Let x be p(-1). Let j = -60 + x. What is the remainder when j is divided by 19?
15
Suppose 11300 = -9*y + 107645. What is the remainder when y is divided by 45?
40
Suppose -3*n + 2*u + 794 = -175, u - 1602 = -5*n. What is the remainder when n is divided by 42 - -4 - (-7 - -7)*(-5)/(-10)?
45
Calculate the remainder when 72 is divided by (2/(6/(-57)))/(-3)*(1 + 2).
15
Suppose 3*r - 5*d = -74 + 680, -2*r + 404 = 2*d. Calculate the remainder when r is divided by 88.
26
What is the remainder when 104 is divided by 11*(5 - (-365)/(-75) - 78/(-90))?
5
Let h(g) = -9*g - 6. Let p be h(-1). Let l be ((-108)/30 + p)/((-2)/10). Suppose 20 = l*q - 1. What is the remainder when 32 is divided by q?
4
Suppose 0 = -2*l + 56 + 24. Let n(m) = 34*m + 603. What is the remainder when l is divided by n(-17)?
15
Suppose 5*v = -b - 3, 4*b + 2*v - 18 - 24 = 0. Calculate the remainder when 8 is divided by ((-9)/b)/(6/(-16)).
0
What is the remainder when 1871 is divided by 87/(-15) + (-1 - -7) - (-194)/5?
38
Let x(u) = 202*u - 1183. Calculate the remainder when x(13) is divided by 85.
83
Suppose -19 + 2 = -v. Suppose 4*x - 4*c = 456, -226*x + 230*x - 471 = -c. Calculate the remainder when x is divided by v.
15
Suppose -11*t = 313 - 346. What is the remainder when 147 is divided by t?
0
Suppose 0 = -3*l - 5*y + 400, 0*l + l + 2*y - 135 = 0. Suppose 3*k = 3, -4*k = -2*q + k - l. Let g = q + 108. What is the remainder when g is divided by 13?
9
Suppose -5 = 38*z - 33*z. What is the remainder when z/(6/177*(-1)/2) is divided by 34?
25
Suppose 4*b - 96 = -5*r + 6*r, -3*b + 3*r + 81 = 0. Suppose 2*a + p = 9, 22*p - 21*p = -4*a + b. What is the remainder when 32 is divided by a?
4
Let z(b) = 20*b + 56. Let m(k) = 7*k + 19. Let f(i) = 11*m(i) - 4*z(i). Suppose -6*h + 13*h = -140. What is the remainder when 87 is divided by f(h)?
42
Suppose 20*n + 67*n - 43674 = 0. Calculate the remainder when n is divided by 12.
10
Let i = -3406 + 3438. Calculate the remainder when 2143 is divided by i.
31
Let k(j) = 9*j - 146. Let z be k(6). Let w = z - -139. Let i(t) = 4*t. Calculate the remainder when w is divided by i(4).
15
Suppose -3*h + 103 = -0*h + 4*n, -141 = -5*h + n. What is the remainder when ((-282)/4)/(0 - 3)*6 is divided by h?
25
Let n = 241 + -18. Suppose 4*a = 4*g - 28, -g - a - 1 = -10. What is the remainder when n is divided by g?
7
Suppose 8*w - 103 = 6*w - 5*l, -w - 2*l + 50 = 0. Suppose 5*s = w + 166. Calculate the remainder when s is divided by 11.
9
What is the remainder when 1883 is divided by 1590/7155*(386 + 1)?
77
Suppose 5083 + 2744 - 1197 = 51*d. Calculate the remainder when 561 is divided by d.
41
Let i = 183 - 182. Let g(t) = 12*t**3 + 2*t**2 - 1. Calculate the remainder when 180 is divided by g(i).
11
Suppose 0 = 5*c + 4*i - 2, 893*c + i = 892*c - 2. Suppose 4*m = 3*m + 28. Calculate the remainder when m is divided by c.
8
Suppose 5*p + 114 = 6*p. Suppose p = -28*a + 31*a. Calculate the remainder when a is divided by 22.
16
Suppose -4*d = -0*d - 5*s - 2, 0 = 2*d + s - 8. What is the remainder when 26 is divided by (d - -10) + -1*(-2 + -2)?
9
Let u = 1058 + -1032. Calculate the remainder when 2272 is divided by u.
10
Let f = 622 - 602. Let n(p) = -18*p + 20. What is the remainder when n(-3) is divided by f?
14
Let a = 121 + -10. Let p be (-1)/((-219)/(-111) + -2). Suppose 11 = 3*b - p. What is the remainder when a is divided by b?
15
Suppose 14*z - 1360 - 77 = -177. What is the remainder when 763 is divided by z?
43
Suppose 6*u + 134 = 110. What is the remainder when (-2547)/36*64/u is divided by 42?
40
What is the remainder when (54/5)/((-373)/(-27975)) is divided by 11?
7
Let f = 594 - 360. Suppose -63*l + 72*l - f = 0. Calculate the remainder when 310 is divided by l.
24
Suppose -741 - 1715 = -8*h. Let p = h + -290. What is the remainder when p is divided by 14?
3
Let n be (-20)/(-15)*(-894)/(-8). Let q = n + -62. Calculate the remainder when q is divided by 13.
9
Let n(g) = 85*g**2 + g + 1. Suppose 234 = 8*y - 6*y + 4*z, -y + 129 = 5*z. What is the remainder when n(-2) is divided by y?
12
Let d = 79 + 31. Let b = -73 + d. Suppose -5*n + 2*a = -36, 0 = -0*n + 4*n - 4*a - 24. Calculate the remainder when b is divided by n.
5
Suppose 0 = -6*q - 11 + 17. Suppose 2*m + 6 = 0, -4 = -4*w - 3*m - q. Suppose -1162 = -w*h - 4*h. What is the remainder when h is divided by 42?
40
Let w = 5712 - 5702. Calculate the remainder when 39 is divided by w.
9
Let b(v) = v**3 - 84*v**2 + 279*v + 3308. What is the remainder when (-3645)/(-12)*8/3 is divided by b(80)?
26
Let y = 21 - 617. Let h = y - -686. Calculate the remainder when 897 is divided by h.
87
Let a(x) = -x**3 - 14*x**2 + 17*x + 16. Let i be a(-15). Let c = i + 31. Suppose -2*r = -1 - 1, 4*b = 5*r + 15. Calculate the remainder when c is divided by b.
2
Let i(w) = -4*w**3 + 16*w**2 - w + 28. Let z(f) = -6*f - 8. Calculate the remainder when i(4) is divided by z(-3).
4
Suppose 293*r = 272*r + 1302. What is the remainder when r is divided by 34?
28
Suppose 24*f + 42 = 31*f. Suppose 24 = 6*h - f. Suppose -5*o + 5*d = -0*d - 220, -172 = -4*o + h*d. What is the remainder when o is divided by 9?
3
Let r = -680 - -439. Let t = 258 + r. Suppose 9 = 3*v + 4*z, 5*z + 6 = 3*z. Calculate the remainder when t is divided by v.
3
Suppose -3 = d + 2*y + 3*y, 4*d = 4*y + 36. Suppose -d*p - 946 = -1065. Calculate the remainder when 133 is divided by p.
14
Let q(h) = h**2 - 2*h - 163. Let m be q(0). Let k = m + 166. What is the remainder when 6 is divided by k?
0
Let b be (10 + -2 - 3)*(-208)/(-20). Suppose -4*i = 4*a - b, a + a - 51 = 3*i. Calculate the remainder when 158 is divided by a.
14
Calculate the remainder when (88/180)/((-3)/(-4110)) + (-6)/(-27) is divided by 178.
136
Let y(z) = -3*z - 15. Let a be 24/60 + 66/10. Suppose l = 1 - a. What is the remainder when 9 is divided by y(l)?
0
Suppose -5*p + 5*f + 61 = 16, -95 = -5*p - 5*f. Let r(c) = c**3 - 5*c**2 - 2*c + 305. Calculate the remainder when r(0) is divided by p.
11
Suppose 4*j + 39 = 3*z - 20, 4*j = 2*z - 30. Suppose -8 + 59 = 3*y. What is the remainder when z is divided by y?
12
Suppose 17*w - 12327 = -5629. What is the remainder when 408 is divided by w?
14
Let v(c) = -95*c - 2726. What is the remainder when 216 is divided by v(-29)?
13
Let w(m) = 50*m + 2575. What is the remainder when w(-26) is divided by 185?
165
What is the remainder when 29 is divided by (72/42)/((-9)/(-42))?
5
Let d be 10/2 + (-6340)/(50/(-5)). Let a = -620 + d. Calculate the remainder when 37 is divided by a.
18
Let q(h) = 112*h + 1283. What is the remainder when 1628 is divided by q(-11)?
47
Calculate the remainder when 7/(294/396)*(7 - 0) is divided by 25.
16
Let y(k) = 6*k**2 - 19*k + 27. Let f = -236 + 240. Let i(p) = 18*p + 3. What is the remainder when i(5) is divided by y(f)?
46
Let b(g) = g**3 + 2*g**2 + 3*g - 3. Let l be b(0). What is the remainder when 150 is divided by 4/(-6) + (-50)/l?
6
Let m = -36370 - -36437. Let n(u) = 8*u**2 - 3*u + 2. Calculate the remainder when n(-4) is divided by m.
8
Suppose -2*h = -4*d + 165 - 49, 0 = -d + 3*h + 29. Let b be -1*3 + (1 - -5) + 6. Let j(f) = f**2 - 7*f - 1. What is the remainder when d is divided by j(b)?
12
What is the remainder when 1455 + (5 - (9 - 7)) is divided by 146?
144
Let t = 157 - 134. Suppose 4*d - 5 = t. Calculate the remainder when d is divided by 4.
3
Let w = 54 - 40. Let v = 17 - w. Suppose 2*z = 4*z - 2, v*z + 273 = 4*o. Calculate the remainder when o is divided by 35.
34
Suppose 3*o = s - 3, s - 75*o = -73*o + 8. Calculate the remainder when 168 is divided by s.
6
Suppose 0*b + 3*b = 3*z + 93, 0 = -2*b + 5*z + 65. What is the remainder when ((-87)/(-9))/(3/36) is divided by b?
26
What is the remainder when 1604 is divided by -1 + (-26)/(-14) + 1450/203?
4
Calculate the remainder when 314 is divided by 9 + (-388)/44 + (-29386)/(-154).
123
Suppose 28*k = -30*k + 9315 - 2239. Calculate the remainder when 447 is divided by k.
81
Let l(w) be the third derivative of 0 - 11*w**2 - 29/6*w**3 + 1/120*w**6 - 7/20*w**5 + 0*w - 17/24*w**4. What is t